er when 1852856 is divided by 617615?
11
Calculate the remainder when 448304 is divided by 427.
381
What is the remainder when 152844 is divided by 77?
76
Calculate the remainder when 7636665 is divided by 2252.
133
Calculate the remainder when 2095587 is divided by 95.
77
Calculate the remainder when 38505 is divided by 18425.
1655
What is the remainder when 611956 is divided by 611446?
510
Calculate the remainder when 1117776 is divided by 771.
597
Calculate the remainder when 5559623 is divided by 93.
83
What is the remainder when 32096 is divided by 1906?
1600
Calculate the remainder when 3081049 is divided by 2961.
1609
Calculate the remainder when 3187078 is divided by 1710.
1348
What is the remainder when 11097 is divided by 502?
53
Calculate the remainder when 182835 is divided by 120.
75
Calculate the remainder when 5350596 is divided by 1070116.
16
Calculate the remainder when 26351 is divided by 94.
31
Calculate the remainder when 3253837 is divided by 22.
15
What is the remainder when 233988 is divided by 17999?
1
What is the remainder when 2564363 is divided by 2272?
1547
What is the remainder when 19046287 is divided by 9523140?
7
Calculate the remainder when 4270438 is divided by 95.
93
Calculate the remainder when 381872 is divided by 986.
290
Calculate the remainder when 454581 is divided by 64900.
281
What is the remainder when 6082 is divided by 4583?
1499
Calculate the remainder when 28882 is divided by 2660.
2282
What is the remainder when 258035 is divided by 9?
5
Calculate the remainder when 7478694 is divided by 415475.
144
Calculate the remainder when 141679 is divided by 504.
55
What is the remainder when 8068440 is divided by 104?
16
Calculate the remainder when 4315305 is divided by 22951.
517
What is the remainder when 321470 is divided by 438?
416
Calculate the remainder when 2181412 is divided by 727137.
1
Calculate the remainder when 25026 is divided by 3129.
3123
What is the remainder when 64685 is divided by 60464?
4221
Calculate the remainder when 1114622 is divided by 1388.
58
Calculate the remainder when 409403 is divided by 834.
743
Calculate the remainder when 66178 is divided by 32656.
866
What is the remainder when 105153637 is divided by 614?
611
What is the remainder when 38035 is divided by 37954?
81
Calculate the remainder when 680568 is divided by 56697.
204
Calculate the remainder when 76119 is divided by 3832.
3311
Calculate the remainder when 166078881 is divided by 2571.
2565
What is the remainder when 43545 is divided by 10880?
25
Calculate the remainder when 101430 is divided by 16491.
2484
What is the remainder when 2582360 is divided by 5626?
26
Calculate the remainder when 7481288 is divided by 3013.
9
Calculate the remainder when 2936039 is divided by 151.
146
What is the remainder when 19623 is divided by 13?
6
What is the remainder when 487539 is divided by 114?
75
What is the remainder when 12894 is divided by 370?
314
What is the remainder when 22636323 is divided by 7545437?
12
What is the remainder when 52278 is divided by 2204?
1586
Calculate the remainder when 2670010 is divided by 297.
277
Calculate the remainder when 19749479 is divided by 9874681.
117
Calculate the remainder when 16196526 is divided by 27.
9
Calculate the remainder when 196710695 is divided by 521779.
12
What is the remainder when 1609726 is divided by 402407?
98
What is the remainder when 423550 is divided by 2859?
418
What is the remainder when 441041 is divided by 440911?
130
What is the remainder when 72701905 is divided by 2508?
1
What is the remainder when 5400354 is divided by 280?
274
What is the remainder when 89840 is divided by 4478?
280
What is the remainder when 61798818 is divided by 31?
8
Calculate the remainder when 214777 is divided by 441.
10
Calculate the remainder when 504402 is divided by 526.
494
Calculate the remainder when 2494440 is divided by 456.
120
What is the remainder when 395887237 is divided by 251?
248
What is the remainder when 597042 is divided by 975?
342
Calculate the remainder when 8886951 is divided by 8886884.
67
Calculate the remainder when 531051 is divided by 1157.
1145
Calculate the remainder when 5829 is divided by 2755.
319
What is the remainder when 866600787 is divided by 242?
239
Calculate the remainder when 264835 is divided by 1933.
14
What is the remainder when 4168 is divided by 1547?
1074
What is the remainder when 301841 is divided by 4516?
3785
Calculate the remainder when 368885884 is divided by 8.
4
Calculate the remainder when 1324728 is divided by 15960.
48
What is the remainder when 1038 is divided by 134?
100
Calculate the remainder when 104220 is divided by 436.
16
What is the remainder when 3869658 is divided by 2963?
2943
What is the remainder when 1678963 is divided by 111930?
13
Calculate the remainder when 34384575 is divided by 3376.
15
Calculate the remainder when 243024 is divided by 242932.
92
What is the remainder when 9757438 is divided by 180?
178
Calculate the remainder when 119796675 is divided by 116.
111
What is the remainder when 3064978 is divided by 80657?
12
Calculate the remainder when 119206 is divided by 14895.
46
What is the remainder when 153422099 is divided by 7050?
7049
Calculate the remainder when 39262164 is divided by 148.
132
What is the remainder when 8914601 is divided by 885?
881
What is the remainder when 22635565 is divided by 4527109?
20
Calculate the remainder when 303386 is divided by 3650.
436
What is the remainder when 508213 is divided by 702?
667
Calculate the remainder when 30461313 is divided by 67994.
1
Calculate the remainder when 16971 is divided by 1411.
39
What is the remainder when 40740055 is divided by 218?
215
What is the remainder when 38835641 is divided by 551?
59
What is the remainder when 83966257 is divided by 257?
245
What is the remainder when 908834 is divided by 137?
113
What is the remainder when 678950 is divided by 585?
350
Calculate the remainder when 95969 is divided by 47670.
629
What is the remainder when 3100090 is divided by 67?
0
Calculate the remainder when 197571 is divided by 2755.
1966
What is the remainder when 5310621 is divided by 88?
85
Calculate the remainder when 6439031 is divided by 2609.
19
Calculate the remainder when 5118881 is divided by 198.
185
Calculate the remainder when 9041 is divided by 7059.
1982
Calculate the remainder when 19548258 is divided by 1628996.
306
Calculate the remainder when 81297 is divided by 181.
28
What is the remainder when 7791 is divided by 1910?
151
What is the remainder when 2937165 is divided by 915?
15
What is the remainder when 16452532 is divided by 134?
12
What is the remainder when 10254923 is divided by 10254868?
55
Calculate the remainder when 2141816 is divided by 76490.
96
What is the remainder when 1345687 is divided by 16821?
7
What is the remainder when 365070 is divided by 8282?
662
Calculate the remainder when 27083988 is divided by 191.
188
Calculate the remainder when 15367478 is divided by 243923.
329
What is the remainder when 649 is divided by 93?
91
What is the remainder when 9790060 is divided by 212827?
18
Calculate the remainder when 135835 is divided by 126068.
9767
Calculate the remainder when 4090869 is divided by 2045429.
11
What is the remainder when 61851 is divided by 790?
231
What is the remainder when 4775296 is divided by 11?
9
What is the remainder when 86032 is divided by 10709?
360
Calculate the remainder when 12456 is divided by 935.
301
What is the remainder when 15310 is divided by 88?
86
What is the remainder when 960255 is divided by 137176?
23
Calculate the remainder when 197898 is divided by 98648.
602
Calculate the remainder when 2988286 is divided by 69495.
1
What is the remainder when 212001632 is divided by 53000406?
8
Calculate the remainder when 10693 is divided by 445.
13
Calculate the remainder when 289449 is divided by 28929.
159
What is the remainder when 255624097 is divided by 1805?
1802
Calculate the remainder when 47230 is divided by 3138.
160
What is the remainder when 54846515 is divided by 6094052?
47
What is the remainder when 74108 is divided by 73715?
393
Calculate the remainder when 1417651 is divided by 4773.
70
Calculate the remainder when 577205 is divided 